 5 = n*m - 8*m. What is the units digit of (m + (-12)/(-8))/((-1)/(-72))?
6
Suppose -53 = b - 57, 3*c + 4*b = 478. Let m = c - -218. What is the units digit of m?
2
Suppose 0 = -67*u - 448829 + 1624009. What is the thousands digit of u?
7
Suppose 2*x - 3*x = -5*a - 20, 4 = 5*x - a. Suppose -k + 1605 = -4*y, 4*k + x*y - 6485 = 3*y. What is the units digit of k?
5
Suppose -4*x = 5*w - 16, x - 2 = -2*w + 2. Suppose -4*h + x*l = -2820, 5*h - 17*l = -20*l + 3549. What is the units digit of h?
8
Suppose -57*u + 161806 = -102632 + 65166. What is the units digit of u?
6
Suppose 2*m + 4 = 2*l + 6, 0 = -3*m + 4*l. Suppose -3*a - 2*o + 349 = 0, 2*a + m*o = -2*a + 460. What is the units digit of a?
9
Let o be 1 + 1/5 + (-2014)/(-5). Suppose 175*f - 176*f = -o. What is the units digit of f?
4
Suppose -3*k + 27 = 3*h, 5*k - 9 = -2*h + 3*h. Suppose -s - 385 = -h*s. Let c = s + 145. What is the units digit of c?
2
Let j = -253 + 249. What is the tens digit of (716/64*j)/((-2)/8)?
7
Let z(c) = 5*c - 22. Let g = -2 - -11. Let r be z(g). Suppose -2*d + 133 = r. What is the tens digit of d?
5
Suppose 4*d = -2*m + 2 - 6, 0 = 4*m - 8. Let u be -2*(-5 - -3)*(-2)/d. Suppose -u*s - 576 = -10*s. What is the units digit of s?
6
Let b = 3607 + -2219. What is the hundreds digit of b?
3
Let j = -11606 - -13311. What is the hundreds digit of j?
7
Suppose -77*d + 179707 + 91333 = 0. What is the hundreds digit of d?
5
Let z = 48 - 42. Suppose -4*i - 2 = -z. Let t(l) = 77*l**3 - l + 1. What is the units digit of t(i)?
7
Let p be 3 + (-33)/12 - (-62)/8. Suppose p*n = 24*n - 912. What is the tens digit of n?
5
Suppose 163*n + 540 = 169*n. Let m = 132 - n. What is the tens digit of m?
4
Suppose 10 = 5*u, -2*u - 876 - 160 = 5*b. Let l = b + 528. What is the units digit of l?
0
Suppose 5341 - 43841 = 14*t. Let o be 6/(-21) - t/70. Let w = o - -17. What is the units digit of w?
6
Let g = -975 + 12972. What is the units digit of g?
7
Suppose 2*c + 34 = 4*a, 3*a + 0 = -c + 38. Suppose -45 = 4*v + a. What is the units digit of 18/9*v/(-4)?
7
Let o = -3037 + 3182. What is the tens digit of o?
4
Suppose 0 = b - 7*o + 4*o + 4, -4*b = -4*o. Suppose -2*s + 1133 = 4*l - 335, 0 = -b*l - 4. What is the hundreds digit of s?
7
Suppose 3*v + 37 = 4*z + 11, -v = 2. Suppose -q = -5, -z*q + 318 - 2978 = -5*c. What is the tens digit of c?
3
Let x(z) = -1846*z - 4003. What is the tens digit of x(-9)?
1
Let s(x) be the second derivative of -3*x**3 + 17*x**2/2 + 12*x. Let h be s(-7). Suppose 5*c - h = -3*k, 3*c + c + 5*k = 104. What is the tens digit of c?
3
Suppose 2*q + 4 = 3*v, -2*v + q + 9 = 5. Suppose v*o = 24*o - 18840. What is the units digit of o?
2
Let d = -10086 - -20574. What is the ten thousands digit of d?
1
What is the units digit of (-2 - (-2552)/10)/(2224/(-80) - -28)?
6
Let a(g) = -314*g + 39. What is the thousands digit of a(-29)?
9
Let c = 128 + -125. Suppose 0 = 3*j + 3*i, -2*j - 10 = -c*i - 5. Let r(l) = -300*l - 9. What is the tens digit of r(j)?
9
Let n = -358 + 221. Let p = 66 - n. What is the hundreds digit of p?
2
Suppose -2*c - 5 = 9. Let w be ((-2660)/(-32))/c*4*-4. Suppose 0 = -l + 3*l - w. What is the tens digit of l?
9
Suppose 3*m + 8470 = 14*m. What is the tens digit of m - (-5)/((-2 - -3)*-1)?
6
Suppose 641*v = 622*v + 716490. What is the hundreds digit of v?
7
Suppose 12*b - 14*b = -6. Suppose b*s = 0, -2*s = -5*z - 4*s - 90. Let l = z + 99. What is the units digit of l?
1
Let m(u) be the second derivative of 23*u**3/6 - 21*u**2 + u - 8. What is the tens digit of m(10)?
8
Suppose c - 3*w + 1 = 0, -5*w - 26 - 12 = 4*c. Let t = c - -11. What is the tens digit of ((-6)/t)/((-18)/420)?
3
Let v = -6277 + 10168. What is the hundreds digit of v?
8
Let q(i) be the first derivative of -25*i**4/4 + 5*i**3/3 + 7*i**2/2 + 8*i + 79. What is the tens digit of q(-3)?
0
Suppose -p - 11 - 8 = -2*y, 2*y + 4*p - 4 = 0. Suppose -y - 4 = -4*x. Suppose 3*n = 5*n + 2*j - 602, 4*n + x*j - 1199 = 0. What is the units digit of n?
6
What is the tens digit of (57115/15 - -4)/(-6 - (-111)/18)?
7
Suppose -19*v + 17*v + 1116 = 0. Let m = v + -277. What is the tens digit of m?
8
Let k = 6 - -17. Let q = 27 - k. Suppose 0 = q*i - 3*t - 208, -3*t + 2*t = 0. What is the tens digit of i?
5
Let p(f) = 3*f**2 - 36*f + 92. Let b be p(-21). Suppose -5*j = -4*y - 3*j + 2170, -4*y + b = -j. What is the tens digit of y?
4
Let j = 27579 - 18416. What is the hundreds digit of j?
1
Suppose 52572 = 2*b - 6*k, 18*b - 78845 = 15*b - 4*k. What is the tens digit of b?
8
Suppose 0 = -5*u + u + u. Suppose u = -2*o + 3 + 3. Suppose -x + 350 = o*x - c, 3*x + 2*c - 268 = 0. What is the units digit of x?
8
Let a be (-19528)/(-5)*40/16. What is the tens digit of 2/56*8 + a/28?
4
Let c = 455 + -1392. Let a = 1812 + c. What is the units digit of a?
5
Suppose -1172*p = -1186*p + 60858. What is the units digit of p?
7
Suppose -4*d - 4 = -4*p, p - 18 = -3*p - 3*d. Let i = 183 + -178. Suppose -i*x = -p*x - 152. What is the units digit of x?
6
Let z = 167 - 135. What is the hundreds digit of (z - 34)*1934/(-4)?
9
Let z = -555 - -1573. Suppose 2*q + 3*b = -b + z, -2523 = -5*q + b. What is the units digit of q?
5
Suppose 25 - 4 = 7*s. Let g(o) = 9*o - 11. Let b be g(s). What is the units digit of ((-140)/b + 2)/(6/(-16))?
8
Let v be 2/(-7) + (-301708)/(-77). Suppose 0 = -4*h - 3*z + 5157, 2533 = 5*h - z - v. Suppose -12*f + h = -7*f. What is the units digit of f?
8
Let n(m) = 5*m**2 - 7*m - 10. Let b be n(-7). Let o = -199 + b. Let r = 134 - o. What is the tens digit of r?
4
Suppose -7*p + 4*p - 60 = 0. What is the hundreds digit of 1/((p/(-2694))/10)?
3
Let j be 1/((-5)/(-50)*5). Suppose 2*k + 3 = -d, 5*k + 15 = -3*d + j*d. Suppose 348 = 4*l - 2*x, 435 = d*l - 0*x + 5*x. What is the units digit of l?
7
Let b be (4/5)/((-4)/(-20)). Let y = b + -15. Let j = 69 - y. What is the tens digit of j?
8
Suppose 59*f = 116*f - 43*f - 578774. What is the tens digit of f?
4
Suppose -5043 = -21*r + 195696. What is the tens digit of r?
5
Let f(m) = -336*m**3 - 4*m**2 - 96*m - 185. What is the hundreds digit of f(-2)?
6
Suppose -3*k - 3*v = -7398, -5*k + 6*v = 2*v - 12366. What is the units digit of k?
0
Suppose 38*q - 753844 - 166098 = 0. What is the units digit of q?
9
Let b(p) = -74*p + 1842. What is the hundreds digit of b(-31)?
1
Let c = 75 - 67. Suppose 4*w - 2*g - 716 = -g, -2*g = c. Suppose 5*n - 848 = -w. What is the hundreds digit of n?
1
Let k be -3 + 1 - 3 - -251. Suppose v = -k + 312. What is the units digit of v?
6
Let r(a) = -13*a - 17. Let z be r(-2). Suppose v = x - 202, -3*x + z*v = 14*v - 630. What is the tens digit of x?
0
Let p = 4 - 28. Let k be 7*(-5)/20*p. Suppose d - 149 = -5*h, -4*d - k = -5*h + 3*h. What is the units digit of h?
9
Suppose k = -4*j - 3, j = 2*k - 3*j - 30. Suppose 0 = -k*q + q. Suppose q = 5*r - 27 + 2. What is the units digit of r?
5
Suppose -4*o + 9 = -19. Let s be 9 - o - (1 - (-2 + 4)). What is the tens digit of s*-1 - (-380)/5?
7
Suppose 5*c + 7 - 14 = -3*x, -4*x = 4. Suppose 3*g + 0*a = -3*a + 3102, -2*a - 2088 = -c*g. What is the hundreds digit of g?
0
Suppose 0 = -6*w + 31 + 41. Suppose w*z = 8*z + 2*o + 1686, z + 5*o - 438 = 0. What is the tens digit of z?
2
Suppose 4*s + 94 + 48 = -i, -3*s + 4*i - 116 = 0. What is the tens digit of 2 - (36138/s - (-1)/(-6))?
0
Suppose 2937*b = 2980*b - 709414. What is the ten thousands digit of b?
1
Let c(v) = 34*v**2 - 173*v - 3103. What is the hundreds digit of c(-22)?
1
Let n be (-24)/16 + (-216)/16. Let w be 1 + 0 + (-2 - -28). Let j = w - n. What is the tens digit of j?
4
Let x = 99 + -74. Let p = x + -31. What is the hundreds digit of p/(-21)*1 + (-1760)/(-14)?
1
Let z = 152 + -146. What is the hundreds digit of 546 - ((-21)/(-3) - z)?
5
Let k(b) be the third derivative of b**5/20 - b**4/6 + 2*b**3/3 + 7*b**2. Let g be k(3). Suppose g*o - 448 = 15*o. What is the units digit of o?
2
Let u = -240 - -249. Suppose u*c - 180 = -c. What is the tens digit of c?
1
What is the ten thousands digit of (-10670)/11*236/(-8)?
2
Suppose 17*o = 7*o + 10. Let p be (9/15)/(-1*o/5). What is the units digit of (-8)/12*p + 91?
3
What is the units digit of -20*((-761208)/(-23))/(-12)?
0
Suppose 37*b - 280 = 23*b. What is the tens digit of 14844/15 - (-3 + 52/b)?
9
Let n = 6 -